132?
12
Let p be (-8)/(-52) + 2103*(-4)/(-78). Calculate the highest common factor of p and 12.
12
Let n = -22 + 238. Calculate the greatest common divisor of n and 189.
27
Let h = -308 - -316. Calculate the highest common divisor of h and 376.
8
Let i be (19 + -181)/((-6)/4). Suppose -4*d - 2 = 78. Let u = 32 + d. Calculate the highest common factor of u and i.
12
Let m = -128 + 133. Suppose 0 = 15*v - m*v - 990. What is the highest common divisor of v and 9?
9
Let c(l) = 31*l - 17. Let i be c(8). Suppose -5*g + 96 = i. Let s = -17 - g. Calculate the highest common factor of s and 50.
10
Suppose 0 = -278*m + 276*m + 496. What is the highest common divisor of m and 16?
8
Let k(d) = 170*d - d**2 + 2*d**2 - 174*d - 12. Let b(i) = i**3 - 3*i**2 - 3. Let w be b(4). Let g be k(w). What is the highest common factor of g and 21?
21
Suppose 2*n = f - 4*f - 22, 5*n + 34 = -4*f. Let s be (f - -3)*(-11 - (0 - 2)). What is the greatest common factor of 9 and s?
9
Suppose 151 + 3209 = 70*z. What is the greatest common divisor of z and 768?
48
Let g be (3 + -5)/(2/18*-2). Calculate the highest common divisor of g and 153.
9
Let z(u) = -u + 7. Let l be z(5). Suppose 2*d - 37 = 2*b - 13, -l*d + b = -27. Suppose -221*q = -217*q - 480. Calculate the highest common factor of d and q.
15
Let s = 7 + -4. Suppose 4*y - s*y = 110. Let t = y + 165. What is the highest common factor of t and 25?
25
Let r(f) = 7*f**2 - 4*f - 5. Let p be r(-2). Suppose -3*d = -8*d + 465. Calculate the highest common factor of d and p.
31
Let t = -17 - -188. Suppose -l = l + 3*k - 87, -4*l + t = 3*k. Let u = l + -19. Calculate the highest common divisor of 138 and u.
23
Suppose 0 = 8*r - 13*r + 35. Suppose -u = 3*u. Suppose -r*z + 3*z + 56 = u. What is the highest common divisor of 7 and z?
7
Suppose 11*i - 6*i = -2*o + 26, 4*i + 62 = 3*o. Let c = 36 - o. What is the highest common factor of c and 72?
18
Let f be ((-2)/4)/((-7)/476). Let h = f + 31. Let z = h - 45. Calculate the greatest common factor of 40 and z.
20
Let t = 40 + -31. Let d be (-4)/(-6) + 534/t. What is the highest common divisor of 24 and d?
12
Let n be 31 - (12/3 + -1). Let z = -17 + n. What is the highest common divisor of 44 and z?
11
Suppose 0 = 5*n - 2*w - 1902, 17*n - 15*n + w - 759 = 0. Calculate the highest common factor of 228 and n.
76
Let o be ((-18)/((-180)/215))/((-1)/(-18)). What is the greatest common factor of o and 9?
9
Suppose 0 = 2*m + 84 - 78, -j - 5*m = 2. Suppose -60 = -4*c + 24. Let u = -8 + c. Calculate the greatest common divisor of u and j.
13
Suppose 3*a - 6 = 0, -351 = -2*v - 3*a - 79. What is the highest common divisor of 931 and v?
133
Let s be 128/(-24)*18/(-8). Let x = s + 36. What is the highest common factor of 32 and x?
16
Let f be 1*-7 - (36 - 710). What is the greatest common factor of f and 23?
23
Let r = -38 - -20. Let w = r + 14. Let f be (-364)/(-35) - w/(-10). Calculate the greatest common divisor of f and 80.
10
Let k = 141 + -134. What is the highest common divisor of k and 56?
7
Let k be 48 - (0/6 + 6/(-3)). Calculate the highest common factor of 160 and k.
10
Suppose 2*i - 3*u = 4*i - 21, 5*i + u = 59. Let y be i/3 + (-9 - 1). Let x be ((-2)/y - 2)*-6. Calculate the highest common divisor of 30 and x.
10
Let x(i) = 30*i - 84. Let l be x(11). What is the greatest common divisor of l and 3?
3
Let r be -4 - (-22 - (3 - (0 - -6))). Let p be 32 + ((-12)/r)/((-2)/(-5)). Suppose -n + 41 = -4. What is the greatest common factor of p and n?
15
Let m = -17 + 21. Let k = 12 + m. What is the highest common divisor of 40 and k?
8
Suppose 5*b = 6*b - 3. Let z be b*17 - (-19 - -20). What is the greatest common factor of z and 125?
25
Suppose 45 = 3*g - 2*u, -4*u + 6 = -2*u. What is the greatest common divisor of 85 and g?
17
Let o be (-37)/(-3) - (-4)/6. Let s be ((3 - 2) + -8)*(-156)/42. Calculate the greatest common divisor of o and s.
13
Suppose 6*p - 119 = 745. What is the greatest common divisor of p and 32?
16
Let j = 1196 - 703. Calculate the highest common factor of 51 and j.
17
Let m(x) = -x + 12. Let o be (-20)/(-5) - 3 - -7. Let l be m(o). What is the highest common factor of l and 2?
2
Suppose -109 = -3*m + 53. Let w = 266 - m. Let j = w - 146. Calculate the greatest common divisor of 6 and j.
6
Suppose 0 = -4*p - 16, -3*g - 3*p - 68 = -23. Let c = -8 - g. Suppose 0 = -4*q + 3*w + 75, q + 3*w = -2*q + 72. What is the greatest common divisor of c and q?
3
Suppose 0 = -4*f + 5*k - 902 + 47, 205 = -f + 3*k. Let g = -67 - f. Suppose -5*o - 3 = -18, 25 = 2*b - 3*o. What is the greatest common factor of b and g?
17
Let w(i) = -i**2 - 30*i - 25. Let p be w(-27). Calculate the highest common divisor of 448 and p.
56
Suppose -2*a - 13317 = -a. Let k be 3/(-2) + a/(-46). What is the highest common divisor of 32 and k?
32
Let t = -1383 + 1944. Calculate the greatest common factor of 17 and t.
17
Suppose 19*n - 590 = 778. Calculate the highest common factor of 36 and n.
36
Let b be 1 + 6 - (0 - -4). Let f be 0 - (-5 + (-9)/b). Calculate the highest common divisor of 16 and f.
8
Suppose 0 = -14*y + 3100 + 330. What is the highest common factor of y and 35?
35
Let s = -100 - -165. Suppose -5*q - 5*k = 480, 6*k = 5*q + 4*k + 473. Let g be ((-494)/q)/((-1)/(-5)). What is the highest common divisor of s and g?
13
Suppose 0 = 14*a - 41 - 15. What is the greatest common factor of 40 and a?
4
Let i be 4/(-14) + 346/(-14). Let h = 775 + -723. Let y = i + h. What is the greatest common factor of 18 and y?
9
Let t = -28 + 11. Let p(j) = -j**3 + 3*j**2 + 11*j - 8. Let u be p(5). Let a be t/u + 3/9. What is the greatest common factor of a and 15?
3
Let k(c) = -c**2 + 22*c - 90. Let j be k(8). Calculate the greatest common factor of 561 and j.
11
Let o = 3355 - 2044. Calculate the highest common divisor of o and 57.
57
Let z = 579 - 411. Let x = z + 3. Calculate the highest common factor of x and 9.
9
Let o = -30 - -32. Suppose -2*p - 4*z + 40 = 0, -o*p + 36 = 3*z - 0*z. Calculate the greatest common factor of 12 and p.
12
Let w be (-3)/((-1)/1)*26/6. Suppose -936 = -w*j + 7*j. Calculate the highest common divisor of j and 12.
12
Suppose 42*y - 40*y + 32 = 0. Let o = y + 24. Suppose -s + 3*p = -8, o*p - 3*p + 67 = 4*s. What is the greatest common divisor of 23 and s?
23
Suppose -14 + 6 = -2*d. Suppose d*o - 286 = -34. What is the greatest common factor of o and 18?
9
Let n(c) = -c**2 - 17*c - 51. Let a be n(-5). Calculate the greatest common factor of 153 and a.
9
Let n(s) = 25*s**2 + s + 2. Let p be n(2). Suppose 0*h + 2*h - 4*r = p, 58 = h - 5*r. Suppose -h = 2*t - 3*t. Calculate the greatest common divisor of 12 and t.
12
Suppose -4*b + 47 = -4*r - 109, 2*b + 2*r - 82 = 0. Suppose 5*o = 130 - b. What is the greatest common factor of o and 126?
18
Let z be 2 + (-118)/((-2)/1). What is the highest common factor of 244 and z?
61
Let j be 7*12/(-42) - -8. Let f be 248/6 + 2/3. Calculate the highest common divisor of j and f.
6
Let d be (-51)/(-2)*(-2800)/(-420). Calculate the greatest common divisor of 70 and d.
10
Let j(c) = -c**2 + c + 6. Let g be j(-4). Let d be (3/6)/((-1)/g). Calculate the greatest common factor of d and 28.
7
Suppose 0 = 3*z + 28 - 49. What is the greatest common factor of z and 133?
7
Let l = 610 - 439. Calculate the highest common factor of l and 27.
9
Let o = 1070 - 860. What is the highest common factor of o and 54?
6
Suppose 5*u - 13 = -4*a + 267, -25 = 5*a. Calculate the greatest common divisor of 225 and u.
15
Suppose 0 = 3*v - 5*v + 30. Suppose 2 + 4 = 3*x. Suppose 4*o = -2*b + 38, x*o - 10 - v = -3*b. What is the highest common factor of 16 and o?
8
Let k = 845 + -600. What is the highest common divisor of 70 and k?
35
Let u be (-20)/(9 - (-182)/(-20)). Calculate the highest common divisor of 32 and u.
8
Suppose 5*f - 2*f = -15, -f = 5*q - 10. Suppose -436 = -4*n - q*h + 174, -5*h + 452 = 3*n. What is the highest common divisor of 14 and n?
14
Suppose -2*f + 52 = -4*g, -g = -5*f - 0*g + 103. Suppose -5*y - 3*j + 38 = -187, f = -4*j. What is the greatest common factor of y and 16?
16
Let k be 1*(-3)/(3/10). Suppose 0 = -8*b - 0*b + 64. Let h be ((-24)/k)/(b/60). Calculate the greatest common factor of h and 90.
18
Suppose 139*i - 148*i + 10602 = 0. Calculate the highes